0*g + 5*o, 0 = -2*g + 9*o - 13*o + 154462. What are the prime factors of g?
5, 15443
Suppose -4*u - 9 = -29. Suppose 0 = -3*j - 4*m + 22, u*j - m - 3 = 3. Suppose 2*k + j*z = k + 1, -4*k - 5*z = -7. What are the prime factors of k?
3
Let r(a) = a**2 + 3*a + 1. Let y be r(-3). List the prime factors of (-2 - (-4 + y))/(3/1203).
401
Let l be (96 + 12/2)*(-2)/(-6). Let x = -75 - l. Let s = 49 - x. List the prime factors of s.
2, 79
Let h(w) = 383*w**2 + 57*w + 267. List the prime factors of h(-6).
3, 7, 653
Suppose 0 = b + 4*f - 53, -f = -2*b + 34 + 72. Let q = b + -49. Suppose 3*t - 5*a = -2*t + 1305, q*t + 3*a - 1037 = 0. What are the prime factors of t?
2, 5, 13
Let b be (-33897)/(-33) + (5 - 285/55). Let s = -539 + b. List the prime factors of s.
2, 61
Let q be (-1 + 25)*(2 - -3). Suppose 5*g - 5*u = -q, 2*u + 15 = -g - 0*u. What are the prime factors of (-61)/((g/(-6))/(-7))?
2, 61
Let k(g) = 28 + 3*g**2 - 2*g + g - 74 + 0*g**2. List the prime factors of k(-14).
2, 139
Suppose -6596*k = -6583*k - 555438. List the prime factors of k.
2, 3, 7121
Suppose -10*t + 14*t + 3*m - 80607 = 0, t - 20153 = -2*m. What are the prime factors of t?
3, 2239
Suppose 2*f = 569 - 551. Suppose -2570 + 752 = -f*o. List the prime factors of o.
2, 101
Suppose -101*c - 356592 = -109*c. What are the prime factors of c?
2, 3, 17, 19, 23
List the prime factors of (1625/130)/((-3)/(-702)).
3, 5, 13
Suppose -3*o - 1 = 8. Let g be (((-168)/20)/o)/((-1)/(-60)). Suppose -g + 54 = -6*f. List the prime factors of f.
19
Let j = -81292 + 124029. What are the prime factors of j?
42737
Let o(y) = -2070*y - 6184. What are the prime factors of o(-12)?
2, 11, 53
What are the prime factors of (-1)/((-69)/92) + (-202792)/(-6)?
2, 5, 13
Let v(a) = -1037*a + 126. What are the prime factors of v(-5)?
47, 113
Suppose -299 + 1406 = -c. Let g = 1723 + c. List the prime factors of g.
2, 7, 11
Let m(r) = -r**3 - 9*r**2 - 8*r. Let u be m(-8). Suppose 5*d + x - 1896 = u, 2409 = 5*d + 4*x + 510. List the prime factors of d.
379
Let y = 44 - -1. Let v = y + -37. Suppose 0 = 3*i - 5*c - 727, -v*i + 4*i = -3*c - 973. List the prime factors of i.
2, 61
Let r = 975 + -157. Suppose -715 = -7*j + r. List the prime factors of j.
3, 73
Suppose -14*c + 6*c - 384 = 0. Let q = 53 + c. Suppose q*f - 4*r = 107 - 30, 5*f - 2*r - 81 = 0. List the prime factors of f.
17
Let b be (82/(-4))/(2/4). Let w = b - -86. What are the prime factors of (-2)/5 + 6813/w?
151
Let z(n) = 90*n + 4. Let v be z(5). Suppose 0 = -3*y - 3*r + 9, 6*y + 3*r - 15 = y. Suppose -d = -y*d + v. What are the prime factors of d?
227
Let t = -4685 - -12046. List the prime factors of t.
17, 433
Let c be (28/6)/(17/((-4794)/(-4))). Suppose 5*q - 1695 = 2*x - 7*x, q - 4*x = c. What are the prime factors of q?
337
Let b(r) = 3*r**2 + 3*r + 1. Let w be b(-2). Suppose 5*o - 6*j + 4*j - 72 = 0, -5*j = o - 9. Suppose -560 = w*y - o*y. What are the prime factors of y?
2, 5
Let f(s) = -4*s**2 + 8*s + 18. Let n be f(6). Let y = n - -105. List the prime factors of 9/(y/6) - -125.
127
Let r be -141 + 1 + (58 - 51). Let s = r - -254. List the prime factors of s.
11
Suppose 0 = -4*j + 10*u - 9*u + 22784, -j - 13*u = -5749. What are the prime factors of j?
3, 211
Let o(j) = 3*j**2 + 16*j - 8. Let s be o(-6). Suppose 2*m + 2*h = 536, 0 = 56*m - 59*m - s*h + 802. What are the prime factors of m?
2, 3, 5
Suppose -2*a = -79*a + 1004080. What are the prime factors of a?
2, 5, 163
Suppose 35*i + 46314 = 293554. List the prime factors of i.
2, 883
Let v = 214 - 55. Let o(f) = 28*f**2 - 7*f - 36. Let p be o(-3). Suppose 4*r = p + v. List the prime factors of r.
3, 11
Suppose 2*c - 1694 = -2*d, 2*d - 4*c - 1700 = -9*c. Suppose -3*w + d = -2*p, -5*p = -27*w + 28*w - 293. List the prime factors of w.
283
Let h(r) = 8*r - 200. What are the prime factors of h(61)?
2, 3
Let r(x) = -114*x - 578. What are the prime factors of r(-33)?
2, 199
Let w be ((-5)/3)/((-1)/3). Suppose 0*i - 583 = -4*i + w*k, 172 = i + 4*k. Suppose 4*s - 220 = -2*l, -i = -5*s - 5*l + 113. List the prime factors of s.
3, 19
Suppose c + 5 = -3*s + 53, 3*s = -2*c + 90. Let p be (-2)/(-4)*1044/3. Let k = p + c. List the prime factors of k.
2, 3
Let o = 73513 - 40977. What are the prime factors of o?
2, 7, 83
Let b = 194 - 216. Let u(g) = 10*g + 295. List the prime factors of u(b).
3, 5
Suppose 0 = 42*j - 40*j. Suppose j = -u - 2*d - 2, 5*u - 5 = -d + 3. Suppose 3*t - 81 = 2*l, 22 = -u*t - 2*l + 76. List the prime factors of t.
3
List the prime factors of (553/28 - 19) + 468420/16.
3, 3253
Suppose -269*c + 134*c = 354*c - 16368786. List the prime factors of c.
2, 3, 7, 797
Let v(d) = d**3 + 25*d**2 + 10*d + 1. Let q be v(-21). Suppose 2415 = 10*u - q. What are the prime factors of u?
397
What are the prime factors of (-14)/217 + 8554602/434?
23, 857
Let v(h) = 3*h - 9. Let w be v(2). Let t be 0/(1 + w + 4). Suppose -p + 21 = -0*g + 3*g, t = 3*g - 4*p - 21. What are the prime factors of g?
7
Suppose 32*g = 30*g - 724. What are the prime factors of -3*(-6)/((-36)/g)?
181
Suppose -2*v + 36162 = 7*o - 20192, 2*o - 3*v - 16119 = 0. List the prime factors of o.
2, 3, 11, 61
Let n(k) = k**2 + 4*k - 60. Let h be n(-10). Suppose -2*c + 7*d - 8*d + 311 = h, 166 = c + 4*d. List the prime factors of c.
2, 7, 11
Let s(g) = g**3 - 5*g**2 - 3*g + 7. Suppose -d = 5*p - 23, -4*d + 1 = -2*p + 19. Let t be s(p). Let i(z) = -13*z + 12. List the prime factors of i(t).
2, 29
Let r(y) = 168*y - 246. What are the prime factors of r(69)?
2, 3, 31, 61
Suppose -69*p + 72*p = -2*j + 30883, 3*p - 2*j - 30887 = 0. List the prime factors of p.
5, 29, 71
Let c = 9102 + -7809. List the prime factors of c.
3, 431
Let x(q) = -q**3 - 3*q**2 - 3*q. Let r be x(-2). Suppose -r*p = -4*p, -3*a + 2*p = -3021. What are the prime factors of a?
19, 53
Suppose -16*k = 7*k + 69. List the prime factors of 2616/20 - k/15.
131
Let g(f) = f**3 - 3*f**2 - 9*f + 5. Let h be g(4). Let a = h - -10. Let u = 46 - a. List the prime factors of u.
3, 17
Suppose -3*m + 10174 = -3422. What are the prime factors of m?
2, 11, 103
Suppose -4*q = -6*q + 4. Suppose 2*a - 2*o = 537 - 91, a + q*o = 235. List the prime factors of a.
227
Let k(u) be the second derivative of -9*u**5/10 + u**4/4 - u**3 - 9*u**2 + u + 43. What are the prime factors of k(-3)?
3, 19
Let a be -2*(-4)/(24/15). Let p(i) = 90*i - 67. List the prime factors of p(a).
383
Suppose -2*r - 5*g = 3*r - 25, 4*g = r + 20. Let t = -507 - -711. Suppose r = 3*f - t - 84. What are the prime factors of f?
2, 3
Let p be (446/5)/((-42)/(-105)). Let v = p + 639. What are the prime factors of v?
2, 431
Let w(k) = 451*k - 24. Let b(u) = 1354*u - 70. Let l(x) = 6*b(x) - 17*w(x). List the prime factors of l(1).
5, 89
Suppose -88 = -2*f - 84. Suppose -3*r = -u - 8 + 2, r + f*u - 2 = 0. Suppose r*l + 3*z = -z + 38, -2*z - 155 = -5*l. List the prime factors of l.
29
Suppose -5*y + 108 = 2*f, -3 - 5 = -y + 3*f. What are the prime factors of (6 - y/2) + 139?
3, 5
Suppose -z + 5*w + 36 = 0, -5*z - w + 99 = w. Let v = z - 17. Suppose -v*t + 87 = 7. What are the prime factors of t?
2, 5
Suppose -o - 4*z = -21, 0 = 5*o - z - 2*z - 59. Suppose -17 = -o*v + 22. Suppose v*m + 410 = 2*q, 2*q + 279 - 693 = 4*m. What are the prime factors of q?
199
Suppose -16*o + 117943 - 4012 + 71973 = 0. List the prime factors of o.
3, 1291
Let v(k) = -k**2 - 7*k + 24. Let h be v(-10). Let o(j) be the third derivative of j**5/15 + 3*j**4/8 - j**3/3 + 2*j**2. List the prime factors of o(h).
2, 11
List the prime factors of ((-190720)/(-240)*18/56)/(1/7).
2, 3, 149
Let s = -2 + 5. Suppose 849 = -3*b - 3*g, -4*g + 0*g = -s*b - 884. Let m = 413 + b. What are the prime factors of m?
5
Let d = -267 + 272. Suppose d*g - 107 + 22 = 0. What are the prime factors of g?
17
Let r = -71 - -63. Let c = -91 + 85. What are the prime factors of (-44)/r + c - (-914)/4?
2, 3, 19
Let l = -429 - -432. List the prime factors of (-2 + l)*(-2 + 3 + 320).
3, 107
Let t(c) = 1206*c - 17426. List the prime factors of t(17).
2, 769
Let v(m) be the second derivative of m**4/12 - m**3/2 - 105*m**2/2 - 139*m. What are the prime factors of v(31)?
7, 109
Let f(t) = -t**3 - 2*t**2 + 2*t - 4. Let b be (1 + (6 - 3))*(-9)/(-12). Suppose 0 = -2*j - b*y - 27, -3*j - 2*j - y = 35. List